 the highest common factor of p and x.
10
Let n be 6*(2 - (-22)/4). Let h = -3 + -4. Let w(u) = u**2 + 6*u - 2. Let l be w(h). What is the highest common divisor of l and n?
5
Let i(n) = 0 - 10 - 2*n + n - 4*n. Let v be i(-4). Calculate the greatest common factor of 30 and v.
10
Let m be (-2)/((-4 - -2) + 1). Suppose 2*p - 7 = -3*u, m*p + 2*u = -2*p + 26. Calculate the greatest common divisor of 32 and p.
8
Let q(h) = 11*h - 2. Let c = 1 - -1. Let l be q(c). Calculate the greatest common factor of l and 5.
5
Let r(m) = -m**2 + 9*m + 5. Let t be r(8). What is the highest common divisor of t and 13?
13
Let d = -73 + 89. Calculate the greatest common divisor of d and 8.
8
Let h = -2 + 6. Suppose -48 = -7*s + 4*s. Calculate the highest common factor of s and h.
4
Suppose 2*y = 4*y - 18. Let i be 327/2 + y/6. Calculate the greatest common factor of i and 15.
15
Let v be (-838)/(-4) + (-5)/10. Let u = -74 + v. Calculate the greatest common factor of 27 and u.
27
Let b(i) = 36*i**2. Let v be b(1). Suppose 0 = -4*z + 2*z - 22. Let j = v + z. What is the highest common factor of j and 10?
5
Suppose 4*k - 2*k = 64. Let n(g) = 2*g + 5*g**2 - 2*g - g**3 + 4. Let v be n(5). Calculate the greatest common factor of k and v.
4
Let y = 75 - 51. Calculate the greatest common divisor of y and 16.
8
Let m be ((-12)/((-9)/(-3)))/1. Let f(t) = -7*t - 4. Let i be f(m). Calculate the highest common divisor of 120 and i.
24
Let v = -10 - -20. Let u(k) = -k**3 + 4*k**2 - k + 4. Let h be u(3). What is the greatest common factor of v and h?
10
Suppose -f = -5 - 2. Calculate the greatest common divisor of f and 14.
7
Let r(g) = -g + 1. Let w be r(-1). Let o be ((-4)/3)/(w/(-3)). Let t = 37 - o. Calculate the greatest common factor of 14 and t.
7
Let g(t) = -t**3 + 4*t**2 - 3*t + 6. Let d be g(4). Suppose -w + 4*w = 30. Let a = d + w. Calculate the highest common factor of a and 28.
4
Let r(f) = -f. Let w be r(1). Let a be (6/(-10) + w)*-10. What is the greatest common factor of 80 and a?
16
Let a be (-1 - 1/(-2))*12. Let n be 10 - 3*a/(-9). What is the highest common factor of n and 40?
8
Let l be (-4 - 0) + -9 + 40. What is the highest common factor of 3 and l?
3
Let v(x) = x**3 + 10*x**2 - 13*x - 7. Let s be v(-11). Let r = -9 + s. Calculate the highest common factor of r and 6.
6
Suppose -5*d + 12 + 33 = 0. Let h = -3 + d. What is the highest common divisor of h and 66?
6
Let k be ((-127)/(-4) - 1)*4. Suppose -23 + k = 2*z. Suppose -5*x + 4*s + z = 0, x - 31 = -3*x + 5*s. What is the greatest common factor of x and 98?
14
Let k = -2 + 6. Suppose k*a + 21 = 7*a. Calculate the highest common factor of 56 and a.
7
Let o(z) = 7*z - 6*z + 7*z. Let d be (-104)/(-16) - 2/4. Let j be o(d). Calculate the highest common divisor of 32 and j.
16
Let i(p) = 3*p - 1. Let a(s) = -10*s + 3. Let b(t) = 2*a(t) + 7*i(t). Let g be b(2). Suppose -g = 2*k - 3. Calculate the greatest common divisor of k and 1.
1
Suppose 4 - 157 = -3*q. Calculate the highest common divisor of 255 and q.
51
Let z be (-24)/9*(-3)/2. Suppose -2*q + 6*q = w + 124, -12 = -3*w. Calculate the greatest common factor of q and z.
4
Suppose -j + 4*j - 231 = 0. Calculate the highest common divisor of j and 11.
11
Let b = 69 + -117. Let l = b - -88. Calculate the greatest common divisor of l and 100.
20
Let x be (2*8)/((-1)/(-4)). What is the greatest common divisor of x and 8?
8
Let y be (-2 + -1)/(-3) - 5. Let j be 5/1*y/(-5). Suppose 48 = j*k - 40. What is the greatest common factor of k and 33?
11
Suppose 117 = 5*b - 13. Suppose -192 = -p - 179. Calculate the highest common divisor of p and b.
13
Let x = -5 + 8. Suppose -3*c + 2*y = -58, 0*c = -2*c + x*y + 42. Let g be c/(0 + (-2)/(-14)). What is the greatest common divisor of g and 14?
14
Let w = 11 + -6. Suppose w*x - z - 4 = -0*z, 0 = 3*x - 2*z - 1. What is the greatest common divisor of x and 7?
1
Let h = -11 + -2. Let v = 233 + h. Suppose 5*k = 3*k + v. What is the highest common factor of 22 and k?
22
Let f = 299 + -200. Calculate the highest common factor of 9 and f.
9
Suppose y + 0*b + 5*b = 34, -5*y + 2*b + 197 = 0. Calculate the greatest common divisor of y and 26.
13
Suppose -42 + 0 = -3*z. Calculate the greatest common factor of 21 and z.
7
Suppose 18 = -6*r + 126. Calculate the greatest common factor of r and 126.
18
Suppose -4*b + 2*g + 76 = 0, -g + 113 = 5*b + g. Let a be (-4)/6*b/(-1). What is the highest common factor of a and 56?
14
Let v = -53 - -103. What is the greatest common divisor of 25 and v?
25
Suppose 5*b - 2*s - 134 = s, 2*b - 5*s - 65 = 0. Let o be (-10)/b + (-102)/(-5). Calculate the greatest common divisor of 5 and o.
5
Let c = -8 + 5. Let z(r) = -8*r. Let i be z(c). What is the highest common divisor of i and 6?
6
Let r(l) = -7*l - 25. Let u be r(-10). Calculate the highest common factor of 9 and u.
9
Let h(t) = t**3 + 3*t**2 - 6*t - 4. Let c be h(-4). What is the highest common divisor of 6 and c?
2
Let w = 63 + -34. Suppose -2*m = 4*c - 8, -m = -2*c - c - w. Let z = m - 8. What is the highest common factor of 54 and z?
6
Let k = -3 - -10. Let i(x) = 3*x**2 - 3*x - 4. Let r be i(3). What is the highest common factor of k and r?
7
Suppose -5*m = -3*t + 1, 48 = 4*t - 4*m + 9*m. Suppose 3*z = -z + 140. Calculate the greatest common factor of z and t.
7
Let o be (69/(-6))/(2/(-28)). What is the greatest common divisor of 23 and o?
23
Suppose -4*i = -2*i + 5*p - 32, -3*i + 14 = -p. Let u be -5 + (7 - -3)*2. What is the greatest common divisor of i and u?
3
Let f be ((-1)/2)/((-16)/160). Calculate the highest common divisor of 55 and f.
5
Suppose 19*y - 3491 - 3349 = 0. What is the highest common factor of 40 and y?
40
Suppose 8 = -4*l + 2*m, 4*m - 6 = m. Let o = 4 + l. Suppose 14 = -3*p - v + 6*v, -o*v + 14 = p. What is the highest common factor of 5 and p?
1
Let s = 14 + -7. Let v = s - 3. Suppose 0*o + 2*o + v*m - 52 = 0, 5*m + 133 = 3*o. What is the greatest common factor of 18 and o?
18
Let m = -54 - -99. Suppose 5*z = 2*u - 6*u + 70, -u - m = -5*z. Calculate the highest common factor of z and 30.
10
Let r = 7 + -2. Let m(q) = -q**2 + 8*q - 5. Let s be m(r). Let v(c) = 5*c + 10. Let d be v(6). Calculate the highest common divisor of s and d.
10
Let x(a) = -8*a - 28. Let i be x(-5). What is the greatest common divisor of i and 84?
12
Let u = 40 + -28. Let c(a) = -28*a**2 - 9*a - 2. Let r(k) = k. Let p(y) = -c(y) - 6*r(y). Let x be p(-2). Calculate the highest common factor of x and u.
12
Suppose -m + 3*c + 19 = 0, 2*m + 2 = -c + 5. Suppose -b - 5 = 0, -50 = -3*v + m*b + 24. Calculate the greatest common factor of v and 6.
6
Suppose -5 = 16*s - 17*s. Suppose -s*c = -c - 180. Calculate the highest common divisor of c and 9.
9
Let s = -15 - -13. Let x be (17/2)/(s/(-4)). Let l = -107 - -226. Calculate the highest common factor of l and x.
17
Let o = -92 - -134. Suppose -2*h = 4*h - o. Suppose 0 = -4*u - 2*s + 28, 3*u - 3*s + 2*s - 21 = 0. What is the greatest common divisor of u and h?
7
Suppose 0 = n - 2 - 1. Suppose j = -0*j. Let u be 2*(j + 27/6). Calculate the greatest common factor of n and u.
3
Let s be 6/10*30/6. Suppose -530 = -s*y - 5*g, -5*g + 180 = -3*y + 4*y. Calculate the greatest common divisor of y and 25.
25
Suppose 0 = -2*z + z - 5. Let l be (-2)/z*-3*-5. Let v = 0 + l. Calculate the highest common divisor of v and 54.
6
Let u(s) = 6*s**2 + 1. Let r be u(-3). Let k(n) = -n + 17. Let q be k(6). Calculate the highest common factor of r and q.
11
Suppose 0 = -7*o + 5*o + 14. What is the highest common factor of 56 and o?
7
Let n = -2 + -8. Let c be ((-16)/n)/(2/45). Calculate the highest common divisor of 24 and c.
12
Let s(h) = 4*h**2 - 3*h + 1. Let w be s(3). What is the highest common factor of 308 and w?
28
Suppose -34 = -3*j - 4*l, -2*j - 3*l + 17 = -6*l. Let y = j - 5. Calculate the highest common factor of 1 and y.
1
Suppose -93 = -5*f + 567. Let i be (-2)/4 - (-125)/10. What is the highest common factor of f and i?
12
Suppose -3*z + 621 = 27. Let d = 2 - -10. Let c be (d - -2) + (-8)/(-2). Calculate the highest common factor of z and c.
18
Suppose 3*o = 10 + 8. Suppose -3*k - 33 = -o*k. What is the greatest common factor of 121 and k?
11
Let p(j) = 5*j**3 + 3*j**2 - 2*j - 3. Let q = 0 - 4. Let x be p(q). Let z = 